uppose 9*u - 5*u = y. Suppose -q + 544 - 207 = u. Is q a prime number?
True
Suppose -4*j + 4*t = 8, 3*j + 5*t + 49 = 11. Let f = -2 - j. Suppose -3*o + 1337 = f*o. Is o a composite number?
False
Suppose -x + 27 = 4*y - 4, -2*y - 5*x + 11 = 0. Suppose 4*q - y = 0, 3*q - 2422 - 5188 = -4*i. Is i prime?
True
Suppose -2*y - 32 - 42 = 2*a, -3*a - 4*y - 107 = 0. Let o(p) = 5*p**2 - 54*p + 32. Is o(a) a prime number?
True
Let y(v) = 6537*v - 46. Let f(r) = 3269*r - 22. Let o(s) = -9*f(s) + 4*y(s). Is o(-1) prime?
False
Is (-15)/(-55) - (-7443438)/33 a composite number?
True
Suppose -2*r + m = 26, 8*m - 3*m = 4*r + 58. Is (-4)/16 + (-21519)/r composite?
True
Suppose 0 = 5*n - 874506 - 425189 - 61440. Is n prime?
True
Suppose 0 = -3*t + 2*k + 1179863, 0 = -18*t + 17*t - k + 393286. Is t composite?
False
Suppose 859*i - 276813 = 850*i. Is i composite?
False
Suppose -48 = 5*o + 52. Let y = 25 + o. Let a(s) = 3*s**3 - 7*s**2 + 4*s + 1. Is a(y) prime?
False
Suppose -3*f - 16 - 8 = -4*g, 5*g - 27 = 3*f. Let d = 715 - 366. Suppose -2*a - g*a - 376 = -s, s - d = -4*a. Is s a prime number?
False
Suppose 5*m + 3*t - 849 = 4*t, -5*m + 2*t = -848. Suppose 5*k - 1365 = m. Is k prime?
True
Is 37328 - 2 - (-5 + (-1 - 7) + 6) composite?
True
Let u be (-32)/(-56)*7*(-5601)/2. Let n = u - -39991. Is n a prime number?
True
Let s = 14006 - 7975. Is s a prime number?
False
Let m(r) be the third derivative of -r**7/120 + r**6/72 + r**5/60 + 5*r**4/24 + r**3/6 + 5*r**2. Let n(u) be the first derivative of m(u). Is n(-3) composite?
False
Let f = 90173 - 50080. Is f a composite number?
False
Suppose 0 = -3*y + 3*a + 783459, 5*y + 5*a - 233690 = 1072035. Is y a composite number?
True
Suppose 93*o - 7505474 = -65*o. Is o composite?
True
Let a(u) = u**3 - 7*u**2 - 8*u + 2. Let d be a(8). Suppose -d*q - 3*q + 15 = 0. Is q/((-45)/13045)*-3 a prime number?
True
Let h = 62 + -70. Let g be 10976/18 + h/(-36). Is 5*(-4)/(-40)*g prime?
False
Suppose 4*g = 3*m + 15, 20 = -2*g - 2*g - 4*m. Let x(u) = u**3 + 2*u**2 - u + 97. Is x(g) prime?
True
Let m(c) = -4725*c + 484. Is m(-7) composite?
True
Suppose 4*h - 6100 = 2*i - 44818, -2*h + 2*i - 19358 = 0. Let g = -2451 - h. Is g prime?
True
Let s = -5966 + 2778. Let p be (s/6)/(5/(-105)). Suppose 7*n = -2807 + p. Is n a prime number?
True
Let g be 0/(-7 + (-2 - -3)). Suppose g = -13*u + 47*u - 24922. Is u composite?
False
Suppose 0 = -5*d + 4*d + 9. Let y(f) = -11*f + 17. Let z be y(d). Is z/4*(0 + -22) a prime number?
False
Suppose 0 = -5*j - 5*k + 3075, -34*j + 39*j = -3*k + 3065. Suppose -25*s + 22*s + p + 915 = 0, 2*s - 5*p - j = 0. Is s composite?
True
Is (-26)/(16 + (-3815112)/238444) a composite number?
True
Let a(h) = -4*h**3 - 8*h**2 - 33*h - 67. Let p(y) = y**3 - y**2 + y. Let c(t) = a(t) + p(t). Is c(-20) a prime number?
False
Suppose 0 = -770*l + 667*l + 232123787. Is l composite?
True
Suppose p = 5*t - 3642, -2*t + 83*p + 1449 = 80*p. Is (-14 - t)/(4/(-12)) a prime number?
False
Let r(u) = 395*u**3 + 8*u**2 + 32*u - 14. Is r(9) composite?
False
Is -53069*(-18 - -14)*3/12 prime?
True
Let n(v) be the first derivative of v**3/3 + 37*v**2/2 - 32*v - 14. Let m be n(-20). Is (41/2 + 1)/((-6)/m) a prime number?
False
Suppose 83*u + 225278 = -62*u + 75330493. Is u a prime number?
True
Suppose 205*h + 98485010 = 335*h. Is h a composite number?
False
Let x(k) = -k + 8*k - 8*k + 69. Is x(-20) composite?
False
Let k(u) = 98*u**3 - 6*u**2 - 3*u + 16. Let l be k(6). Suppose 6*h = 16*h - l. Is h a composite number?
True
Suppose 0 = -3*h - 4*t + 355253, 24*t - 27*t - 118435 = -h. Is (98/105)/7 + h/15 a composite number?
True
Suppose 0 = 6*b - 11*b + 35. Suppose -4*j = -4*h - 4, h + b + 6 = 5*j. Suppose 2*y - j*f = 794, -811 - 354 = -3*y - 2*f. Is y composite?
True
Let v(u) = -u**3 + 4*u**2 + 8*u + 20. Let j be v(6). Is (-1 - -2)*3089/(j + 5) prime?
True
Suppose 6*l - 49627 = 17591. Is l a composite number?
True
Let y = 52204 + -12686. Is y a prime number?
False
Suppose 8*f - 3*f - 20 = o, f = 3*o + 4. Suppose -253*g + 255*g - 194 = o. Is g composite?
False
Suppose -4*v = -5*v + 545. Let f = v + 1616. Is f composite?
False
Let d(g) = 2*g**2 + g - 2. Let m(a) = -43*a**2 + 15*a - 25. Let p(t) = d(t) - m(t). Is p(-7) composite?
True
Let o = 68 + -64. Suppose 0 = 5*q + o*q - 9756. Is q + (0/(-3) - (-1 - 2)) a composite number?
False
Is (15777156/476)/((-6)/(-98)) a prime number?
False
Let i = 2175 + -225. Suppose -20*v = i - 9410. Is v composite?
False
Suppose 0 = 2*x + 2*q + 6, -2*x + 5*q - q = -12. Suppose 19*l - 22*l + 2883 = x. Is l a composite number?
True
Is (3062/(-30))/(5/(-7215)) - (-16)/20 a prime number?
True
Suppose -8684 = 7*w + 28416. Let s = w + 16327. Is s composite?
False
Suppose -56417 = -7*b + 13618. Let z = b + 3224. Is z a prime number?
True
Let d(g) = 539*g + 17. Let c be d(4). Suppose 0 = -11*v - 4174 - c. Let l = v + 1446. Is l composite?
True
Suppose 70 = -10*n - 70. Is ((-2283)/6)/(1/n) composite?
True
Let h = -153072 - -265615. Is h prime?
True
Suppose -4*j - 10*j + 15484 = 0. Let v = j - -1152. Is v a composite number?
True
Let l(n) = 8*n - 13*n**2 + 35*n**2 + 1 - 5*n**2 + 18*n**2. Is l(4) a composite number?
False
Is (-939484)/(-87) - ((-50)/(-30) - 2/1) prime?
True
Let g(j) = -4*j + 2. Let r be g(0). Suppose 4*n = 2*a - 1162, 593 = -a + r*a + 2*n. Is a composite?
False
Suppose -112610 = -28*h + 1051602. Is h composite?
False
Let v = 62466 - 43829. Is v composite?
False
Let c(g) be the second derivative of 7*g**6/30 + 23*g**5/120 + 41*g**4/12 - 23*g. Let s(k) be the third derivative of c(k). Is s(6) prime?
True
Suppose 3*w + 12 = -9*t + 12*t, 2*t = -2*w + 4. Suppose -t*j = -b - 17044, 0 = -j + 3*b - b + 5673. Is j prime?
True
Let j = -71 - -75. Suppose 5*g = -j*o + 64699, -2*o + 6*g + 32372 = 4*g. Is o a composite number?
True
Suppose -34721 - 15925 = -6*b. Let f = -3060 + b. Is f a composite number?
False
Let o(i) = -179*i**2 + 75*i + 150. Let b be o(-2). Suppose -2*r + 6*r = -1636. Let x = r - b. Is x a prime number?
True
Suppose -11*k + 13*k = -1082. Suppose -3*p - 3290 = y, -3*p - p - 2*y - 4384 = 0. Let q = k - p. Is q a composite number?
False
Suppose -4216 = -3*k - 4*o, 2*k - 2*o - 1966 = 854. Let t = k - 759. Is t a composite number?
True
Is 67803065/66 + 2*4/(-48) composite?
False
Let l(z) = -4915*z + 38. Let x be l(14). Is ((-16)/4)/(-12) - x/18 a composite number?
False
Let d(p) be the second derivative of 20*p + 0 - 2*p**2 + 0*p**3 + 1/4*p**4. Is d(-13) a composite number?
False
Suppose 2*g = 4*g + 1382. Suppose -2*r - 3*r + 2035 = -5*v, 3*v + 3*r = -1191. Let l = v - g. Is l a composite number?
True
Let g = 220 + -222. Is (12/48)/(g/(-7432)) prime?
True
Suppose 0 = -4*q - 4*f + 203548, q - 106*f - 50879 = -109*f. Is q a prime number?
True
Let q = 579723 + -413486. Is q a composite number?
False
Suppose 6*q = -o + 4*q - 7, -4*o + q + 17 = 0. Suppose -p - o*t + 3 = -4*t, 2*p + 3*t + 9 = 0. Is 11511/3 + p + -4 prime?
True
Let j = -95533 - -141192. Is j a composite number?
False
Let q(c) = -140*c**3 + 9*c**2 + 14*c - 5. Is q(-8) a prime number?
True
Suppose -4266 = 10*h + 10854. Let y = 2728 + h. Let x = y + -725. Is x prime?
True
Let b(j) = -66*j**2 - 2*j + 11. Let f(d) = 133*d**2 + 4*d - 23. Suppose 9*s + 6 = 8*s. Let n(t) = s*f(t) - 13*b(t). Is n(2) a prime number?
True
Let z(l) = -33609*l + 5183. Is z(-4) prime?
True
Suppose 35*y = 1108923 + 1796882. Is y prime?
True
Suppose -2*f + 16548 = -4*g, -24*f + 3*g - 24813 = -27*f. Suppose -3*l = j - 6850, -19163 = -4*j - 5*l + f. Is j composite?
True
Suppose -60 = -5*i - 5*f, -2*i - 3*f = -27 - 2. Let x(o) = 333 - i*o + 1988 + 6*o. Is x(0) prime?
False
Let y = -21115 - -30232. Let r = -5290 + y. Is r a prime number?
False
Suppose -3*l = -g + 788, 4*l + 5*g + 252 = 3*l. Let s = 440 + l. Let z = s + 113. Is z a composite number?
True
Let p = -10 + 14. Suppose s + p*f - 3134 = 0, s = -f - 319 + 3438. Suppose -s + 213 = -3*g. Is g a composite number?
False
Let s(t) = 19*t**2 - 6*t - 2. Suppose 0 = 3*i + 3*u + 78, 3*i - 5*u = 6*i + 80. Let w(d) = -2*d - 43. Let a be w(i). Is s(a) a composite number?
False
Let m be (-2620)/30*(-69)/(-2). Is m*(17/34)/(2/(-4)) prime?
False
Let m = 3767 - -765. Suppose 5*n + m = 17047. Is n a prime number?
True
Suppose -2*u - d = 6, 0*